
Let c(g) = 14*g - 7. Let s(r) = -2*r - 9. Let f be s(-7). Let h be c(f). Calculate the greatest common divisor of h and 9.
9
Let u(i) be the first derivative of 5*i**2 - 5 + 3*i + 1/3*i**3. Let g be u(-11). What is the greatest common divisor of g and 42?
14
Suppose 5*d - j = -124, -71 = 3*d + 3*j - 11. Let u = d + 86. Let s = 1 + u. What is the greatest common factor of 42 and s?
21
Let s = 370 + -180. Calculate the highest common factor of s and 19.
19
Let b = 260 - 116. Suppose -11*n + 5750 = 5574. Calculate the highest common factor of n and b.
16
Suppose 3*j + 5*g - 10 = 3*g, -5*g + 2 = -4*j. Suppose 58 = j*z - 3*w, 0*z - 2*w - 132 = -4*z. What is the greatest common factor of 5 and z?
5
Suppose 260*k + 576 = 263*k. Calculate the highest common divisor of 48 and k.
48
Suppose 2*k + 5 = 3*k. Suppose 2*b - 58 = -54, l + b - 7 = 0. Calculate the greatest common factor of l and k.
5
Let o(y) = -3 + 11*y - 18*y + 6*y. Let x be o(-15). Let j = 3 + -1. What is the greatest common divisor of j and x?
2
Let s = 362 + -167. Calculate the highest common divisor of 15 and s.
15
Let q be -3 - -2 - (-105 - 0). Let c = 13 + -14. Let f = c + 14. Calculate the greatest common factor of f and q.
13
Let d = 1645 - -272. What is the greatest common factor of d and 71?
71
Let v(w) = -w**3 - 12*w**2 - 30*w - 7. Let q be v(-9). What is the greatest common factor of q and 140?
20
Suppose -3*w + 36 = -0. Suppose -13 - w = -5*v. Suppose v*h - a = a + 130, h = -a + 33. Calculate the highest common factor of 42 and h.
14
Let v(p) = 3*p + 0 + 5*p**3 + 2*p - 5*p**2 + 2 - 4*p**3. Let d be v(4). Let t be (-4)/(-3)*d/4. What is the highest common factor of t and 16?
2
Let f be (-420)/18 + (-18)/27. Let d be (-15)/2*(-10)/1. Let v = f + d. What is the greatest common factor of v and 34?
17
Let g(v) = -10*v + 256. Let z be g(18). Calculate the highest common divisor of 76 and z.
76
Let b(r) = r**3 - 7*r**2 + 5*r - 19. Let l be b(9). Let x = l - -109. What is the greatest common factor of x and 33?
33
Suppose 8*u - 3*u - 140 = -5*g, -2*u - 140 = -5*g. Suppose 3*m - 15 = -6. Let s be 3364/12 - 1/m. Calculate the greatest common divisor of g and s.
28
Suppose 0 = -18*i + 989 + 775. Calculate the highest common divisor of 1127 and i.
49
Suppose 3*f - 2 = z - 35, -5 = -z - 4*f. Let s(i) = -i**3 - 2*i**2 + 8*i + 9. Let n be s(-6). What is the highest common factor of z and n?
21
Suppose 0 - 238 = -17*g. What is the highest common factor of g and 238?
14
Suppose 0 = -4*r - 3*u + 2849, 8*u = 3*r + 10*u - 2137. Calculate the highest common factor of 31 and r.
31
Let r = -87 + 162. Let x be (5/4)/((-1)/(-12)). Calculate the highest common factor of x and r.
15
Let o(y) = 3*y**3 - 7*y**2 - y - 4. Let l be 69/9 + (-2)/3. Let g be o(l). Suppose 0 = -2*u - 3*u + g. What is the greatest common factor of 15 and u?
15
Let w = 142 - 122. Suppose -4*s = 106 - 666. What is the highest common factor of w and s?
20
Let y = -312 + 617. Calculate the highest common factor of y and 25.
5
Suppose 0 = -67*o + 68*o - 355. What is the highest common divisor of 142 and o?
71
Let g = 387 - 365. Calculate the greatest common factor of 418 and g.
22
Let f = -594 + 619. What is the greatest common factor of 575 and f?
25
Suppose -120 = q - 6*q. Suppose -154*h + 148*h + 720 = 0. Calculate the greatest common divisor of h and q.
24
Let s(u) = u**3 + 4*u**2 - 7*u - 4. Let c be s(-5). Let v(z) = 3*z**2 - 13*z + 3. Let a be v(c). Calculate the highest common divisor of a and 66.
33
Let x be -4*1/(-4)*179. Let r = -127 + x. Suppose -110 + 32 = -3*i. What is the greatest common divisor of i and r?
26
Let w(p) = p**3 - 9*p**2 - 5*p - 10. Let g be w(9). Let q = g - -76. Calculate the greatest common factor of 231 and q.
21
Let y(i) = i**3 + 3*i**2 - 23*i - 9. Let p be y(4). What is the highest common factor of p and 2?
1
Let u(g) = g**2 - 13*g + 18. Let h be u(13). Let f be (1/(-3))/((-5)/180 - 0). Calculate the greatest common divisor of f and h.
6
Suppose -2*x - 10 = -5*y, -x - 2*y = -2 - 2. Suppose 5*r + 45 = -x*r. Let d = 24 + r. What is the highest common divisor of 3 and d?
3
Suppose 5*k - 61 = -4*s + 569, s - 5*k = 170. Suppose 0 = -7*j + 4*j + 3. Let n be (23 - 3) + 0/j. Calculate the highest common divisor of s and n.
20
Let n = -5 + 10. Suppose 0 = -n*o - 4 - 6, 5*b + 5*o - 250 = 0. Suppose z = -3*z + b. What is the greatest common factor of z and 91?
13
Suppose 0 = 110*v - 106*v - 1472. Calculate the highest common divisor of 46 and v.
46
Let w be 32/2 - (-7)/(-7). Let t(q) = w - 12 + 2*q + 18 - q. Let p be t(0). What is the greatest common factor of 231 and p?
21
Let h(l) = -3*l + 45. Let u be h(15). Suppose 90 = 6*b - u. What is the greatest common divisor of b and 20?
5
Let r(u) = -252*u - 21. Let b be r(-3). Suppose b = 4*i - 465. What is the greatest common divisor of 120 and i?
60
Let x(s) be the second derivative of 5/6*s**4 - 7/2*s**2 - 6*s - 1/20*s**5 + 0 + 1/6*s**3. Let t be x(10). Calculate the highest common factor of t and 6.
3
Let r be (-2)/(-6)*1*(14 + 37). What is the greatest common factor of 68 and r?
17
Let v(j) = -j**3 + 19*j**2 - 46*j - 19. Let t be v(16). Calculate the greatest common divisor of 247 and t.
13
Let j = -10 + 16. Let q be (-97)/(-1)*1 + 3. Suppose -4*x = 2*h + 2*h - q, -x + 2*h = -22. What is the highest common divisor of x and j?
6
Let s = 25 + -3. Let p = -133 - -129. Let o be (20/p)/20 + 177/4. Calculate the highest common divisor of o and s.
22
Suppose 2*l = 13*l - 253. Calculate the greatest common divisor of l and 253.
23
Let h(f) = 4*f**2 + 3*f + 6. Let a be h(6). Suppose -6*q + a = -2*q. Let z = 68 - q. Calculate the highest common factor of z and 26.
26
Suppose -4*s = -2*m - 2 - 0, -4*m - s = -23. Suppose 7 = -m*n - w - 70, 2*w + 4 = 0. Let x = -12 - n. Calculate the highest common factor of x and 2.
1
Let v be 2171/167 + (-4)/2. What is the greatest common divisor of v and 11?
11
Let z = -21 - -31. Let k(b) = 8*b + 6. Let o be k(z). What is the greatest common divisor of o and 129?
43
Let r be 427 + 2*(-40)/(-8). What is the greatest common factor of 92 and r?
23
Let g be (8 - -17) + (-1 - -1). Suppose -4*k = 0, g = 5*d - k + 4*k. Suppose -b = 2*b - 165. Calculate the highest common divisor of d and b.
5
Let q(o) = 4*o**2 - 18*o - 18. Let w be q(-7). Calculate the highest common factor of 57 and w.
19
Let s be (-5848)/17*1/(-2). Let z = 252 - s. Let g(k) = -2*k + 4. Let p be g(-6). What is the highest common factor of p and z?
16
Let k = 9 + 57. Calculate the highest common divisor of 44 and k.
22
Suppose -8*w = -w. Suppose 8*k - 112 = -w*k. Calculate the greatest common factor of k and 35.
7
Suppose -4*j = j - 2*g + 72, -5*g + 47 = -3*j. Let d = 112 - 72. Let m = j + d. Calculate the greatest common divisor of m and 65.
13
Let l be -1 + 1 + -8 + (-232)/(-8). What is the highest common factor of l and 12?
3
Suppose 16 = i + 1. Suppose -3*h = -4*l + 9, -2*h - 9 = h - l. Let y be (4 + -1)/(1/(-5)*h). Calculate the highest common factor of y and i.
5
Let a(x) = x**3 + 3*x**2 - 15*x - 26. Let f be a(-2). Calculate the highest common factor of 32 and f.
8
Let i = -116 + -14. Let u = i - -266. Calculate the highest common divisor of u and 17.
17
Let j = -1 - 0. Let z(y) = -12*y + 8. Let a(w) = 23*w - 19. Let n(i) = 3*a(i) + 7*z(i). Let m be n(j). What is the highest common factor of m and 14?
14
Suppose -53 = -11*c + 112. What is the greatest common factor of c and 9?
3
Suppose -6 - 6 = 2*z - 5*z. Let d(v) = -8*v - 4. Let x be d(-4). Calculate the highest common factor of z and x.
4
Let c be (-318)/(-12)*6 - 6. Calculate the highest common divisor of 36 and c.
9
Suppose -2*y + 67 = -5*x, 4*y - 3*x = 37 + 104. What is the highest common divisor of 876 and y?
12
Suppose o = 2*n - 19 + 1, 5*n - 5*o - 40 = 0. Suppose -f + n = -1. Calculate the greatest common divisor of 55 and f.
11
Let i = 19 - 10. Let a = -70 - 17. Let w = -84 - a. Calculate the greatest common divisor of i and w.
3
Suppose 0 = -q + 2 + 2. Let s = 74 - 67. Suppose s*x + 56 = 9*x. Calculate the greatest common divisor of x and q.
4
Let d(c) = -c**2 + 59*c - 359. Let j be d(8). Calculate the highest common factor of j and 56.
7
Suppose 0 = -4*f - 2*x + 660, -2*f - f = -4*x - 495. Calculate the hi